of 892032258?
2
What is the billions digit of 2269820906?
2
What is the tens digit of 3666922?
2
What is the ten thousands digit of 8419129558?
2
What is the ten millions digit of 5153442743?
5
What is the millions digit of 4380835086?
0
What is the tens digit of 2677099909?
0
What is the ten thousands digit of 117162639?
6
What is the hundreds digit of 114152578?
5
What is the ten thousands digit of 42330501?
3
What is the millions digit of 120586305?
0
What is the hundreds digit of 57014899?
8
What is the hundreds digit of 247640636?
6
What is the ten millions digit of 152010868?
5
What is the hundreds digit of 446752466?
4
What is the hundreds digit of 7122035?
0
What is the millions digit of 194222419?
4
What is the tens digit of 2710521251?
5
What is the ten thousands digit of 2993358409?
5
What is the thousands digit of 228533803?
3
What is the hundreds digit of 145550389?
3
What is the billions digit of 7520954771?
7
What is the ten millions digit of 78810737?
7
What is the thousands digit of 5251722494?
2
What is the ten millions digit of 70759350?
7
What is the ten millions digit of 17160911?
1
What is the units digit of 325737445?
5
What is the thousands digit of 3437314570?
4
What is the hundreds digit of 6165444911?
9
What is the ten millions digit of 2768943787?
6
What is the units digit of 298578588?
8
What is the ten millions digit of 78209660?
7
What is the tens digit of 447028279?
7
What is the ten millions digit of 1903531815?
0
What is the ten thousands digit of 12193650?
9
What is the ten millions digit of 112791533?
1
What is the millions digit of 383206959?
3
What is the units digit of 189382783?
3
What is the hundreds digit of 54238389?
3
What is the hundred thousands digit of 35009682?
0
What is the ten millions digit of 208533695?
0
What is the thousands digit of 5177921?
7
What is the hundred millions digit of 121669044?
1
What is the tens digit of 1621933382?
8
What is the hundreds digit of 352935651?
6
What is the thousands digit of 389280952?
0
What is the ten millions digit of 161139344?
6
What is the thousands digit of 59437995?
7
What is the hundreds digit of 16581030?
0
What is the tens digit of 1188565571?
7
What is the millions digit of 211681006?
1
What is the hundred millions digit of 6515132336?
5
What is the units digit of 44541789?
9
What is the hundred millions digit of 321008174?
3
What is the hundreds digit of 4388774?
7
What is the hundred thousands digit of 9290466?
2
What is the ten thousands digit of 62619665?
1
What is the hundreds digit of 63630039?
0
What is the units digit of 75357402?
2
What is the ten millions digit of 13789072?
1
What is the ten millions digit of 73754808?
7
What is the tens digit of 434413125?
2
What is the millions digit of 3281727436?
1
What is the thousands digit of 6934603?
4
What is the hundred thousands digit of 554881198?
8
What is the units digit of 87861865?
5
What is the units digit of 5054947462?
2
What is the hundred millions digit of 220035075?
2
What is the ten thousands digit of 702767728?
6
What is the thousands digit of 218803709?
3
What is the units digit of 53900934?
4
What is the hundred millions digit of 1030092323?
0
What is the billions digit of 1594178510?
1
What is the hundred millions digit of 116144306?
1
What is the ten thousands digit of 2174894749?
9
What is the ten millions digit of 1466667925?
6
What is the thousands digit of 5007204321?
4
What is the thousands digit of 52940477?
0
What is the ten millions digit of 476485253?
7
What is the units digit of 678259070?
0
What is the hundreds digit of 193257094?
0
What is the ten thousands digit of 152906689?
0
What is the units digit of 133037537?
7
What is the ten thousands digit of 367059412?
5
What is the ten thousands digit of 126125115?
2
What is the hundreds digit of 1562630092?
0
What is the hundreds digit of 75900242?
2
What is the ten thousands digit of 936572242?
7
What is the ten millions digit of 1027931900?
2
What is the hundred millions digit of 2799267428?
7
What is the hundreds digit of 1074664881?
8
What is the units digit of 1179333628?
8
What is the thousands digit of 312604741?
4
What is the ten thousands digit of 4081144800?
4
What is the tens digit of 17258114?
1
What is the units digit of 68528225?
5
What is the tens digit of 3063479?
7
What is the thousands digit of 37964673?
4
What is the hundred thousands digit of 4849251357?
2
What is the ten millions digit of 530266288?
3
What is the thousands digit of 100829305?
9
What is the thousands digit of 3387062091?
2
What is the thousands digit of 128684361?
4
What is the hundred millions digit of 2161226558?
1
What is the ten millions digit of 27912312?
2
What is the hundred thousands digit of 79072081?
0
What is the tens digit of 468272154?
5
What is the ten millions digit of 85050868?
8
What is the thousands digit of 4963606335?
6
What is the tens digit of 514244667?
6
What is the thousands digit of 16612669?
2
What is the millions digit of 42176113?
2
What is the tens digit of 1254106942?
4
What is the hundred thousands digit of 40896939?
8
What is the hundreds digit of 606123084?
0
What is the hundreds digit of 7204537066?
0
What is the millions digit of 51409373?
1
What is the tens digit of 356009047?
4
What is the units digit of 448987308?
8
What is the millions digit of 40772467?
0
What is the hundreds digit of 230089833?
8
What is the ten millions digit of 4089578480?
8
What is the thousands digit of 1147945676?
5
What is the hundreds digit of 489910117?
1
What is the hundred thousands digit of 76719246?
7
What is the ten thousands digit of 1933868217?
6
What is the thousands digit of 31150451?
0
What is the thousands digit of 244330656?
0
What is the ten millions digit of 604960646?
0
What is the millions digit of 2589161011?
9
What is the units digit of 16501283?
3
What is the ten millions digit of 859576849?
5
What is the millions digit of 2859772254?
9
What is the hundred millions digit of 152590462?
1
What is the millions digit of 121621129?
1
What is the hundred thousands digit of 165796630?
7
What is the thousands digit of 881015212?
5
What is the ten thousands digit of 4201028960?
2
What is the ten millions digit of 2740286004?
4
What is the hundred thousands digit of 495525511?
5
What is the tens digit of 197456084?
8
What is the ten thousands digit of 1394081819?
8
What is the ten millions digit of 57709010?
5
What is the tens digit of 223411563?
6
What is the millions digit of 2578297716?
8
What is the ten millions digit of 664266708?
6
What is the units digit of 537674554?
4
What is the ten millions digit of 4431449300?
3
What is the thousands digit of 1876328242?
8
What is the hundred thousands digit of 10208459?
2
What is the ten millions digit of 57975548?
5
What is the ten millions digit of 2069801748?
6
What is the units digit of 43289599?
9
What is the hundreds digit of 29945484?
4
What is the thousands digit of 457988986?
8
What is the units digit of 13767496?
6
What is the hundred millions digit of 176989594?
1
What is the hundred thousands digit of 11120185?
1
What is the thousands digit of 99873557?
3
What is the hundred thousands digit of 461392353?
3
What is the millions digit of 69298170?
9
What is the ten thousands digit of 16513872?
1
What is the hundred thousands digit of 899275117?
2
What is the ten thousands digit of 75331977?
3
What is the hundreds digit of 677736?
7
What is the tens digit of 46994840?
4
What is the units digit of 63326649?
9
What is the thousands digit of 935260009?
0
What is the thousands digit of 94256656?
6
What is the thousands digit of 18268650?
8
What is the units digit of 36774476?
6
What is the hundred thousands digit of 194680602?
6
What is the ten thousands digit of 198676656?
7
What is the units digit of 2620429?
9
What is the millions digit of 2119080235?
9
What is the hundreds digit of 43072163?
1
What is the hundreds digit of 322943707?
7
What is the millions digit of 859515017?
9
What is the hundred thousands digit of 205349278?
3
What is the hundred thousands digit of 39931641?
9
What is the millions digit of 27656968?
7
What is the thousands digit of 328400207?
0
What is the hundred millions digit of 1820136675?
8
What is the units digit of 353764